6291. Let f(j) = -4*j**3 - 3*j**2 - 2*j - 4. Let b(g) = -11*g**3 - 9*g**2 - 7*g - 11. Let v(h) = 3*b(h) - 8*f(h). Calculate v(x).
5
Let f be ((-128)/16 + -4)*1/3. Let d(l) = -l**2 + 41*l + 190. Determine d(f).
10
Suppose -1054*c - 103 - 95 = -1021*c. Let v(d) = 17*d + 108. What is v(c)?
6
Let n(a) = 3*a + 103. Let i = -466 + 436. Determine n(i).
13
Let q(j) = j**3 + j**2 - 5*j - 2. Let o be q(-3). Let c(y) be the second derivative of -y**3/2 - 5*y**2/2 - 28426*y + 2. What is c(o)?
10
Let n(p) = -64*p - 44. Let k(c) = 3*c + 1. Suppose -4*z + 3*z + 4*j - 21 = 0, 4*z + 9 = j. Let l(d) = z*n(d) - 20*k(d). Calculate l(-7).
-4
Let j(n) = 334*n + 1991. Let l be j(-6). Let k(u) = -u + 5. Determine k(l).
18
Let x = 264 + -261. Let p(o) = -2*o - 2*o**2 + 2*o**3 + 8 + o - 7*o**x + 6*o**3 + 3*o**2. Calculate p(0).
8
Let n(p) = -p**2 - 9*p - 9. Let o(q) = q**3 - 28*q**2 - 31*q + 50. Suppose 21 = -3*f + 108. Let a be o(f). Determine n(a).
-1
Let y(k) = -5*k + 12*k**2 + 37 + 26*k + 34 + 11*k**2 - 22*k**2. What is y(-17)?
3
Let c(l) = -24*l + 213. Let j be c(8). Suppose -3*i - 3*m = -6, -i - 26*m + j*m - 18 = 0. Let z(v) = 2*v - 7. Give z(i).
7
Let n be ((-15)/9 - -2)/(3/27). Suppose 5*o + f = n*o + 5, -5*f + 1 = -2*o. Let w(s) = -3*s + 7 + o*s - 6. Calculate w(-6).
7
Let o(p) = 2*p + 3. Suppose -8*s = -50 + 10. Suppose -13*i + 24 = -s*i. Give o(i).
9
Let u(q) = 366 + 11*q - q**2 + q**2 + 4*q**2 - 368 + 2*q**2. Determine u(-2).
0
Let w be ((-20)/25*1)/(10/(-25)). Suppose -2*t + 2*i = -4, -w*t - 11 - 13 = 5*i. Let g(p) be the second derivative of 3*p**3/2 - p**2/2 + p. Give g(t).
-19
Let s(f) = f**3 + 50*f**2 - 106*f - 105. Let c be s(-52). Let l(o) = -33*o**2 - 3*o - 1. Determine l(c).
-31
Let h(f) = 13*f + 35. Let a(q) = -36*q - 98. Let n(g) = -4*a(g) - 11*h(g). What is n(-8)?
-1
Let s(r) = -95*r - 25. Let n(c) = c**2 - 45*c - 12. Let p(f) = -7*n(f) + 4*s(f). Calculate p(-9).
2
Let f(w) = 9*w + 305. Let q(m) = -9*m - 364. Let t(y) = -6*f(y) - 5*q(y). Give t(-5).
35
Let a(r) be the first derivative of -r**6/360 + r**5/8 - 5*r**4/8 + 16*r**3/3 - r**2 - 35. Let w(m) be the third derivative of a(m). What is w(13)?
11
Let y(s) = -s**3 + 3*s**2 + 9*s + 12. Suppose 4*o = -n + 19 + 15, 3*n + 5*o = 53. What is y(n)?
-42
Let s(x) = -5*x**2 + 55*x + 6. Let b be s(11). Let o(d) = -d**3 + 5*d**2 + 15*d - 55. Determine o(b).
-1
Let o(b) be the third derivative of -b**8/20160 + b**7/1260 + b**6/240 - 19*b**5/20 - b**2 - b. Let c(l) be the third derivative of o(l). What is c(5)?
-2
Let p(z) = -34*z - 10 + 7 - 28 - 11*z. Let b(a) = 16*a + 10. Let d(q) = -11*b(q) - 4*p(q). Calculate d(-5).
-6
Let i be 3 + (-1 - -1)*-1. Suppose -i*n + 4 = -s, n + 2 = -4*s - 27. Let u(r) = r + 4. Give u(s).
-3
Let r = 577 - 574. Let p(v) = -1 + 6*v**3 - 3*v**3 + v**3 - 3*v**r + v**2. What is p(1)?
1
Let w(m) be the second derivative of m**4/12 - 4*m**3 - 85*m**2/2 + 99*m. Let s be w(27). Let o(b) = -b - 7. Calculate o(s).
-3
Let d = 9 + 2. Let h(s) be the third derivative of s**7/840 - 11*s**6/360 + s**4/8 - 53*s**3/6 + 8*s**2. Let o(q) be the first derivative of h(q). Give o(d).
3
Let r(z) be the second derivative of -z**5/20 - 3*z**4/4 - z**3 + 8*z**2 + 273*z. Give r(-8).
0
Suppose 0 = 5*k + 5*o + 40, 4*k + 2*o - 10 = -30. Let p(t) = 5*t**2 + 13*t + 9. What is p(k)?
3
Let r(q) = q**3 + 9*q**2 + 8*q - 3. Suppose -188*a + 183*a = -75. Suppose -n - a = -4*n. Suppose -n*h - 60 = -20. What is r(h)?
-3
Let a(b) be the second derivative of -b**7/420 + b**6/360 + b**5/40 - b**4/24 - 43*b**3/3 + 160*b. Let l(u) be the second derivative of a(u). Calculate l(2).
-7
Let y be 0 + 12/(-3) + -8. Let t be -1 + (3 - y/(-1)). Let k be 0 + t/(1 - -1). Let i(b) = -3*b. Calculate i(k).
15
Let u(d) = 571*d + 111. Let b(t) = 471*t + 111. Let o(z) = 6*b(z) - 5*u(z). Give o(4).
-5
Let i(u) = u**2 + 8*u - 27. Let o(z) = 331*z + 2637. Let r be o(-8). Give i(r).
6
Let b(h) = h - 14. Suppose -4*t - 2*z = -82, 5*t + 52*z - 100 = 49*z. Suppose t*g - 27*g = 5*k - 57, -k = 4*g - 21. Calculate b(k).
-5
Suppose x + 0 + 11 = 0. Let f(s) = -3. Suppose 3*n = -4*q - 23, -4*q - 3 = -11*n + 10*n. Let o(l) = l + 16. Let w(a) = q*o(a) + x*f(a). What is w(4)?
-7
Let k(n) = n + 17. Let a(m) = -m**3 + 15*m**2 - 31*m - 7. Let y be a(13). Let w = -90 - y. Let r be (w/(-1))/(1 - (-3)/(-1)). Give k(r).
8
Let z be 455/30 + (-1)/6. Let t be (-21)/35 + 84/z. Suppose -4*b = -t*l - 18, b - 2 + 1 = 3*l. Let d(u) = -u**2 + 7*u + 7. What is d(b)?
7
Let b = -3 + -2. Suppose 0 = -5*d - 3*n - 2, -d - 13 - 1 = 4*n. Let a(j) = 9 + 3 + d + 2*j - 7. What is a(b)?
-3
Let u(n) = -2*n + 2*n**2 + 0*n**2 - 4 + n**3 + 4. Let g be (-33)/5 + (-54)/135. Let i(d) = d**3 + 6*d**2 - 6*d + 9. Let z be i(g). Determine u(z).
12
Let k(s) = s**2 - 19*s + 94. Let v be (24/(-228))/((-2)/152). Calculate k(v).
6
Let p(y) = y**2 - 2*y + 4. Suppose -63*u = -80*u. Give p(u).
4
Let u(v) = -43*v + 22 + 22 + v**2 + 15*v + 14*v. Give u(8).
-4
Suppose 11 = -5*t + 61. Suppose -t = -34*j + 29*j. Let y(u) be the second derivative of u**4/12 - u**3/6 - u**2/2 + 2*u. What is y(j)?
1
Let s(b) = 58*b + 24. Let f(g) = -1056*g - 429. Let l(d) = -3*f(d) - 55*s(d). What is l(-4)?
55
Let k(i) = -i**2 - 14*i - 10. Let u(c) = -c**3 + 14*c**2 - 45*c - 15. Let w be u(7). Let v(z) = -2*z**3 + 25*z**2 + 13*z - 13. Let t be v(w). Give k(t).
3
Let n = -5623 + 5616. Let q(b) = b**3 + 8*b**2 + 6*b - 17. Give q(n).
-10
Suppose -2*f - k + 464 - 457 = 0, 3*k - 18 = -3*f. Let b(x) = -18*x**3 + 5*x**2 - 7*x + 2. Give b(f).
-18
Let c(q) = q**2 + 110*q + 629. Let n be c(-6). Let h(t) be the first derivative of 1/2*t**2 - 3*t - 3. Give h(n).
2
Let d(t) = 31*t**3 + 28*t**2 + 60*t - 42. Let a(o) = 3*o**3 + 3*o**2 + 6*o - 4. Let w(l) = -21*a(l) + 2*d(l). Let b = 6 - 12. Calculate w(b).
0
Suppose -6*f + 2*f - 2*b = -26, 0 = 2*f + 5*b - 33. Suppose f*j + 175 - 199 = 0. Suppose 2*p - j = g + g, -g - 31 = -5*p. Let s(h) = -h + 7. Determine s(p).
0
Suppose -4*w + 26 = 3*o + w, 0 = -w + 4. Suppose 39 = 28*h - 33*h + 3*m, -o*m + 36 = -5*h. Let s(g) = -g**3 - 5*g**2 + 4*g. What is s(h)?
12
Let r(c) = 6*c**2 - 19*c - 45. Let n(j) = j**2 - 3. Let z(a) = -5*n(a) + r(a). Give z(21).
12
Let p(m) = -m**2 + 20*m - 34. Let r be p(2). Let i(t) = 6*t**3 + 2. Calculate i(r).
50
Suppose 0*h + 5 = h. Let v(w) = -2*w**2 + 8*w + 330. Let j(d) = d**2 - 4*d - 148. Let x(o) = -9*j(o) - 4*v(o). Determine x(h).
7
Let n be ((-48)/(-40))/((-6)/40). Let j = 10 + n. Let s(d) be the first derivative of -d**4/4 + 2*d**3/3 - d**2 - 2*d - 89. Calculate s(j).
-6
Let r(i) be the third derivative of 0 + 1/2*i**3 - 1/60*i**5 + 102*i**2 + 0*i**4 + 0*i. What is r(-3)?
-6
Let m(n) = 4*n + n**3 - 321467*n**2 + 321473*n**2 + 3*n + 6. What is m(-6)?
-36
Let g = 49 - 57. Let f(d) be the first derivative of 3*d**3 + 15 + 1/4*d**4 - 8*d + 3*d**2. Give f(g).
8
Let c(m) be the second derivative of m**5/20 + 2*m**4/3 - 23*m**3/6 - 3*m**2/2 - 4261*m. Calculate c(-11).
-113
Let v(p) = -2*p - 1. Let h(c) = 2*c**2 + 30*c + 14. Let j be h(-10). Let q = j + 62. Let g be (q/36)/(1/9). Determine v(g).
11
Let r(o) = o + 2. Let w be r(5). Let q(j) = 5*j - 2. Let y(l) = 1 + 9*l + 0 - 3 - 2. Let b(d) = 7*q(d) - 4*y(d). What is b(w)?
-5
Let s(h) = 11*h**2 + 2*h - 15. Let u(t) = 9*t**2 + 2*t - 13. Let f(v) = 5*s(v) - 6*u(v). Let j be (6/(-7))/((-230)/805). Calculate f(j).
6
Let x(a) = 2*a. Suppose -i + 3*i - 147 = -j, 365 = 5*i + 2*j. Let m = 69 - i. Let h be 16/(-56)*-7*3/m. What is x(h)?
-6
Let d(t) be the first derivative of t**2 + 21*t + 2121. Determine d(8).
37
Let x(p) = -315*p - 226. Let q(g) = 442*g + 339. Let n(v) = -5*q(v) - 7*x(v). Determine n(-24).
7
Let v(l) = l - 3. Let c(r) = -r + 49. Let y be c(19). Let d be ((-136)/(-20))/1 + (-24)/y. Give v(d).
3
Let q(g) = 3*g + 0*g**2 - 136*g**3 + 40*g**3 + 45*g**3 - 3*g**2 - 5 + 50*g**3. What is q(-4)?
-1
Let n(s) = 1. Let d(o) = -3*o - 11. Let y be d(-4). Let z(f) = f**2 - 2*f - 1. Let h(p) = y*z(p) + 4*n(p). What is h(4)?
11
Suppose 31 = 28*n - 25. Let d(g) = -5*g + 9. Let r(h) = -3*h + 8. Let f(m) = n*d(m) - 3*r(m). Determine f(-3).
-3
Suppose 5*u - 245 + 185 = 0. Let z(q) = -3 + 3*q - 6 - 2*q + 0*q. What is z(u)?
3
Let b(p) be the first derivative of -18 + 8*p**2 + 7*p - 17/3*p**3 + 1/4*p**4. Determine b(16).
7
Let x b